o. Let y be ((-6)/q)/(14/784). What is the tens digit of (18/4)/(7/y)?
5
Let c be (6836/4)/(11/187). What is the tens digit of (1 + -3)/((-34)/c)?
0
Suppose 5*t - 9886 + 1336 = 0. Suppose 5*i - t = 2*p, 3*i - 3*p + 2*p = 1026. Suppose 1632 - i = 6*l. What is the units digit of l?
5
Let s(i) = 7596*i + 9679. What is the tens digit of s(4)?
6
Let u(k) = -4*k - 1 - 6*k**2 - k**2 + 6*k**2. Let w be u(-3). Suppose 2*t = 5*i - 2, 2*t + i - 14 = w*i. What is the units digit of t?
9
Suppose 5*c - 115 = 2*d, 3*c + d = -d + 53. Let h(v) = 865 - 423 + v**2 - 20*v - 399. What is the units digit of h(c)?
4
Suppose 3*c + 1538 = -l + 19637, -5*l + 30155 = 5*c. What is the tens digit of c?
3
Let q = 1030 - 465. Suppose g + 5*p - q = 0, 3*g = -5*p + 4*p + 1653. What is the tens digit of g?
5
Suppose 0 = g + 5*f + 1 - 13, 3*f = -g + 8. Suppose g*w = -5*w + 1295. What is the tens digit of w?
8
Suppose 4*j = -5*v + 191412, 6*v - 229694 = -15*j + 10*j. What is the hundreds digit of v?
2
Let t(r) = r**3 - 26*r**2 - 360*r + 86. What is the ten thousands digit of t(43)?
1
Let x(m) = m**2 - 19*m - 32. Let j be x(21). Suppose 3*w + 46 = j. Let a = w + 33. What is the tens digit of a?
2
Suppose 0 = 60*m - 63*m + 177. Let o = m - 66. What is the units digit of 3/o - (-930)/14?
6
Let r(w) = -4*w**3 - 2*w**2 + w + 3. Let k be r(-1). What is the hundreds digit of (-2)/k*((-8628)/6 - 10)?
7
Suppose 0 = -13*z + 9*z + 60. What is the units digit of ((0 + -3)*z)/((-69)/46)?
0
Suppose -3*a - 24 = 0, 4*a = -8*h + 3*a + 274808. What is the thousands digit of h?
4
Let l(g) = -2*g**3 - 23*g**2 + 4*g - 2. What is the thousands digit of l(-19)?
5
Let h = 4054 - 176. What is the hundreds digit of h?
8
Let m(p) = 3*p - 9. Let y be m(6). Let t(v) = -3 + 4*v + 3 - v - 5 + 2*v. What is the units digit of t(y)?
0
Let c = -3084 - -4197. What is the tens digit of c?
1
Suppose -7*z = -7400 - 818. Suppose 397 - z = -j. What is the units digit of j?
7
Let b(u) be the first derivative of -2*u**3/3 + 6*u - 15. Let j be b(2). Let w(y) = -14*y**3 - 4*y**2 + 2*y + 2. What is the tens digit of w(j)?
9
Suppose 0 = -5*g + 4*g - 2. Let j = -65 - -35. What is the tens digit of (-4 - j*2) + g?
5
Let u(c) = c**3 + c**2 - 2*c - 6. Let j be u(-3). Let n = j + 20. Suppose 207 = 3*s - 3*z, 5*s - n*z = 127 + 233. What is the units digit of s?
4
Suppose w - 5 = -3*s - s, -1 = -w. Let j(m) = 95*m**2 - 4*m + 2. Let h(n) = 47*n**2 - 2*n + 1. Let z(o) = 5*h(o) - 2*j(o). What is the tens digit of z(s)?
4
Suppose 0 = t - 13*w + 9*w - 7468, 5 = 5*w. What is the tens digit of t?
7
Let t = 106117 - 47358. What is the thousands digit of t?
8
Let m(p) = p**2 + 6*p - 107. Let y be m(-14). Suppose -1246 + 4103 = 4*l + y*r, -5*l - 2*r + 3584 = 0. What is the tens digit of l?
1
Let v be (6470/(-12))/(-5) + 29/174. Suppose -5*p - v = -273. What is the units digit of 3 - (1 - p)/(13/104)?
9
Suppose -q - 74 = 4*y, 3 = -y - 4*q - 8. Let m(b) = 2*b**2 - 23*b + 34. What is the units digit of m(y)?
3
Let g(m) = 5144*m - 1723*m + 202 - 1708*m - 1733*m. What is the hundreds digit of g(-20)?
6
Suppose 4*h + 2*h + 54 = 0. Let a be 4*(-2)/(-24)*h. What is the units digit of a/6 + 177/6?
9
Suppose -k + d + 8831 = 0, -4*k - 5*d = -0*d - 35324. What is the thousands digit of k?
8
Suppose -9 = h - 2*h + i, 2*h + 2 = -3*i. Suppose 4*z + h*b = -0*b + 49, b - 29 = -2*z. What is the units digit of z?
6
Suppose 0 = -2*y + 6*y + o - 64, -o = -y + 21. Suppose -12*s + 25 = -y*s. Let a = s + 89. What is the units digit of a?
4
Suppose -14*g + 25*g - 15*g + 27960 = 0. What is the hundreds digit of g?
9
Let z(l) be the third derivative of 0*l - 19/24*l**4 - 11/3*l**3 - 17*l**2 + 0. What is the units digit of z(-5)?
3
Suppose 7*b = 122853 + 60974. What is the tens digit of b?
6
Suppose 9*m + 5323 = 4*r + 6*m, -3*m - 6653 = -5*r. Suppose 2*s - r = -4*l, 35 = l + s - 299. What is the tens digit of l?
3
Let a(o) = -9*o + 3. Let f(d) = d - 1. Let w(l) = a(l) + 6*f(l). Let r be w(0). What is the units digit of (0 - (-6)/(-9))/(r/387)?
6
Let v(n) = -1543*n**3 + 2*n + 3. Let l be v(-1). What is the tens digit of 19/(228/l) - 4/6?
2
Let p(g) = g**3 + 6*g**2 - 7*g - 12. Let q be p(-6). What is the hundreds digit of (q/4)/(6/108)?
1
Suppose 1123*o = 1119*o + 6092. Suppose -3*u + 769 = -u - 5*g, 5*g = -4*u + o. What is the hundreds digit of u?
3
Let n(h) = -136*h**3 - h**2 + 9*h + 6. Let v be n(-4). Suppose v - 42133 = -25*w. What is the hundreds digit of w?
3
Suppose -42*a = -6293 + 6545. Suppose -3*l + 2*l - 6 = 0. What is the units digit of (23 - 2) + l/a?
2
Suppose 0 = 32*o - 87*o + 110. Suppose -3*z - o*a - 2264 = -6*z, 2*z - a = 1508. What is the hundreds digit of z?
7
Suppose -9*u + 158 = -67. Let k(o) = -o**3 + 27*o**2 - 6*o - 55. What is the thousands digit of k(u)?
1
Let p(j) be the third derivative of 0*j + 0*j**3 + 7/4*j**4 - 16*j**2 + 0. What is the tens digit of p(2)?
8
Let f(m) = m**3 + m**2 - 9*m - 9. Suppose 4*c = -4*c + 48. Let t be f(c). Suppose -2*s + t = 5*j, 3*j + j - 273 = -3*s. What is the tens digit of s?
8
Suppose -3*s = -4*x - 338, -5*x - 5*s - 384 = 56. Let d be ((-9)/6 + 2)*194. Let p = d + x. What is the tens digit of p?
1
Suppose -5*p - 7149 + 11948 + 27786 = 0. What is the units digit of p?
7
Let g be 1*-2*1 - (11 + -18). Suppose 0 = -2*u - 3*p + 1837, -g*u = -2*u + 5*p - 2757. Suppose -u + 14 = -10*y. What is the tens digit of y?
9
Suppose -3*u = -5*z - 14776, 3491*u - 3494*u + 4*z + 14780 = 0. What is the hundreds digit of u?
9
Let i(u) = 18*u**3 - 2*u**2 - 5*u + 30. Let o(p) = -p**3 + p - 4. Let g(x) = -i(x) - 5*o(x). What is the hundreds digit of g(-3)?
3
Let x = 620 + 4675. What is the hundreds digit of x?
2
Suppose 166 = j - 101. Let s = j - 165. What is the hundreds digit of s?
1
Suppose 11 = -c - n, -5*n = -0*n + 15. Let s be 58*-1*4/c. Let k = s + 12. What is the units digit of k?
1
Let u(i) = -35*i - 2. Let z = -28 - -31. Let m be u(z). Let g = 153 + m. What is the units digit of g?
6
Let c(w) = -w + 21. Let q be c(0). Let b(m) = m**2 + 7*m - 42. What is the tens digit of b(q)?
4
Suppose 2*r = 134*n - 138*n + 109216, n - 5*r - 27293 = 0. What is the ten thousands digit of n?
2
Let w(a) = -22*a + 55. Let b be w(2). Suppose 13117 = b*z + 5263. What is the tens digit of z?
1
Suppose -5*b = -25, -f = -5*f - b - 11. Let c be 1*(9 + f + 2). Suppose c*h - 84 = 672. What is the hundreds digit of h?
1
Suppose 43 = -3*q + 4*i, -5*q + 3*i = -0*i + 79. Let n = 32 - q. Suppose -729 + n = -8*k. What is the tens digit of k?
8
Let u(p) be the third derivative of 0 + 3/8*p**4 + 1/30*p**5 - 2*p**2 + 0*p - 8/3*p**3. What is the units digit of u(-9)?
5
Let v(i) = -i**3 - 6*i**2 - i - 1. Let p be v(-1). Let u(h) = -3*h**3 - 6*h**2 - 14*h - 53. What is the tens digit of u(p)?
4
Let w(u) = -23*u - 56. Let j be w(-2). Let y(c) = -2*c**3 - 16*c**2 - 21*c - 21. What is the tens digit of y(j)?
8
Let l(j) = -67*j + 129. Let r be l(2). Let n(v) = -6*v**3 - 2*v**2 - 30*v - 2. What is the units digit of n(r)?
8
Let l(g) = -g**3 + 8*g**2 - 3*g + 9. Let c be (6/(-9))/(-1)*9. Suppose -m + c + 0 = 0. What is the tens digit of l(m)?
6
Suppose -8*s + 290654 = p, 0 = 9*s - 12*s - 3*p + 109011. What is the tens digit of s?
3
Let a = 333 + -329. Suppose o + 2*o - 1569 = -4*s, -3*s - a*o + 1182 = 0. What is the units digit of s?
0
Let i(s) = -127*s - 4. Let a be i(-8). Let n = a + -461. Suppose -59 - n = -2*t - 4*k, -k = -4*t + 1202. What is the units digit of t?
1
Let v(a) = -2*a**2 + 0 + 4 + 2*a**3 + a**3 - 3*a + 4*a. Suppose -5*d + 15 = -3*o + 5*o, -9 = -3*d - 3*o. What is the tens digit of v(d)?
7
What is the tens digit of (-7545)/((-65)/26*1)?
1
Let i = -35489 + 46069. What is the thousands digit of i?
0
Suppose 49594 = 4*q + 6*y, -47*y = -q - 50*y + 12406. What is the thousands digit of q?
2
Let u(d) = -d**3 - 3*d**2 - 21*d + 2923. What is the tens digit of u(0)?
2
Suppose 4*c = -4*l + 10537 + 7907, 5*l - c = 23043. Suppose -4*d - 5*h - 2077 = -6662, 3*h = 4*d - l. What is the thousands digit of d?
1
Let a = 204 + -198. Suppose 3*z + f - 1231 = 0, -a*z + f = -7*z + 407. What is the tens digit of z?
1
Let a(z) = -3*z**2 + 5 - z + 7 + 6*z**2. Let u(q) = 6*q + 8. Let d be u(0). What is the hundreds digit of a(d)?
1
Suppose n - 55*s = -59*s + 21470, 4*s + 4 